?
10
1 + -11 + -14 + (36 - 5) - -8
15
-3 + -5 + 3 - (4 - (-9 + 20))
2
48 + -4 - (243 + -220)
21
-3 - (-1 + 1 + 2) - (-4 + -10)
9
What is 20 + (-28 - 3) + 2 + 0?
-9
Evaluate 1 + 0 - (15 - 19 - (0 - -5)).
10
What is (10 - (3 + (-7 - -4))) + -35?
-25
What is the value of -41 - ((41 - 83) + 27)?
-26
Calculate -1 - (20 + -18 - (-8 - -3)).
-8
What is -16 + 21 - (-1 + 13)?
-7
(-8 - -8) + -2 - (-12 + (6 - 10))
14
5 - (34 - (15 + 15))
1
Evaluate 2 + (12 - ((0 - 13) + 0)).
27
Evaluate -13 + -1 - -1 - (16 - (18 + 1)).
-10
What is 0 + 0 - (-20 + 1 - -14)?
5
(-29 - -17) + (-1 - -2)
-11
(1 - 22) + (30 - -46 - 76)
-21
Calculate 2 + 2 - (0 - (-3 + 5)) - -1.
7
Evaluate 24 - 20 - (5 - 10).
9
What is (-1 + -3 + 24 - 20) + (-32 - -2)?
-30
What is 143 + -163 - (-18 - 1) - -11?
10
Evaluate 0 + -13 - (-3 - (-10 - -14)) - 6.
-12
What is (-1 - -9) + (-38 - -21 - -10) + 9?
10
(7 - 22) + (-9 - -9) - -1
-14
What is -4 + (0 - (1 + -1)) + 63 + -79?
-20
1 + ((-3 - 4) + (11 - -15) - 3)
17
What is (-262 - -224) + 26 + -4?
-16
Calculate -22 + 16 + (-11 - 0) + 12.
-5
Evaluate -49 - (-75 - -43) - (0 + 0 + 2).
-19
Calculate -3 + 18 - (68 - 57).
4
8 + -5 - -2 - (-169 - -159)
15
Evaluate 9 + (27 - (-24 + 30)) - (-1 - -8).
23
Calculate -18 + -4 + -4 - -15.
-11
-15 + 0 + (4 - -5) + 12
6
What is the value of -20 + (-2 + 11 + (97 - 96) - 13)?
-23
Evaluate -10 - (17 + -29 + 13).
-11
-47 + 44 + (1 - -7) + -3 + 6
8
-11 - (-4 + 3) - (-20 + (8 - 16))
18
(1 - 5 - (108 + -112)) + 1 + 10
11
Evaluate -7 - ((-8 - -14) + (-6 - (-3 - 2))).
-12
What is the value of 5 + (15 - 7 - (4 + 0))?
9
What is 4 - ((4 - 13) + 6)?
7
Evaluate 1 + 3 + (-30 - -3) + 12.
-11
(-8 - -7) + 14 + -18
-5
Calculate (4 + -5 + 10 - -1) + -22.
-12
What is the value of -9 + (-2 - 9 - (-135 - -131))?
-16
Calculate -1 + 4 - (-43 - -12) - 13.
21
What is the value of -9 + -9 + 16 + 0 - (-22 - 0)?
20
1 - (-17 + (16 - 18))
20
What is the value of -42 - -49 - (5 - -14)?
-12
Calculate -5 + -4 + 7 - 14.
-16
5 + 5 + -2 - (-148 + 145)
11
What is the value of 44 - ((55 - -33) + -21)?
-23
Evaluate 0 + 9 + (-15 + -1 - (18 - 34)).
9
What is the value of (6 - -11) + 12 + -17?
12
What is the value of -5 - (14 + (-7 - 13) - (-1 - -1))?
1
Calculate (20 - -12 - 14 - 5) + -32.
-19
(-7 - -7) + (-1 - -2) - (16 + -15)
0
6 - (-24 - -21) - -1
10
What is the value of -15 + -13 + 18 + 5?
-5
What is 0 + (3 - (5 + 3 + -13))?
8
Calculate 13 + 2 - (-9 - -18).
6
What is 2 - (-7 - 6) - 12?
3
What is the value of (24 + -7 - 4) + (2 + 6 - 4)?
17
What is the value of 3 - 2 - ((-33 - -29) + -8)?
13
What is -1 + 0 + -18 + 15 + -1?
-5
23 + (10 - (-3 + 18))
18
Calculate 1 - (-5 - (4 - -3) - (-9 + 0)).
4
-9 - (11 + (-8 - (-10 - -11)))
-11
What is -6 - 3 - -12 - 1 - 10?
-8
Evaluate -28 - -2 - (-334 + 312).
-4
What is -12 - (-12 + 7 + 12 + -12) - -3?
-4
Calculate 8 - -2 - -3 - (6 + 16 + -21).
12
What is (-8 + 4 - -6) + -5 - -3?
0
Calculate -3 + 16 + -9 + -33.
-29
What is the value of -11 - (-15 + 6) - -6?
4
What is the value of -11 + (5 - 1) + (5 - -3) + -3?
-2
What is the value of -3 + (-2 - -2 - -6) + 7 + -3?
7
What is 23 + -15 + 10 + -7?
11
What is the value of 2 + -14 + 3 - (10 + -18 - 11)?
10
Evaluate 3 + (-2 - (6 - (-4 - -6))) + 20.
17
What is the value of 5 + 12 + 0 + 4 + -1?
20
Evaluate -15 - (17 + -2 - 35).
5
What is the value of 12 - ((3 - 0) + (10 - 8) - 2)?
9
Calculate 3 + 4 + -21 + -4 - (161 - 158).
-21
Calculate (16 - 15) + -3 - 12 - -19.
5
Evaluate 14 - (5 - 0 - 13) - 9.
13
What is 21 + -20 + (6 - -1)?
8
What is -1 + 9 - (-35 + 47) - 2?
-6
Calculate -43 + -4 + 26 + 4.
-17
-18 + -6 + -8 - ((-14 - -6) + 4)
-28
What is the value of -6 + (148 - 155 - (0 - -3 - 5))?
-11
What is 2 - (1 - (-1 + -5)) - (3 + 0)?
-8
Calculate 4 + (14 - 30) - -7 - (-1 + 0).
-4
Evaluate -7 + (-1 + (18 - 9) - 0).
1
What is the value of 0 + -3 + -3 + 19 + (-6 - -8)?
15
What is the value of (3 - -10) + 6 - (2 - -9)?
8
Calculate (-12 + 5 - 1) + 6 + -3 + 4.
-1
-6 + 7 + -10 - (-20 - -7)
4
Calculate 29 + 34 + -60 + 30.
33
Evaluate -1 - 32 - (-426 + 390).
3
What is -5 + -1 - (26 + -37) - 13?
-8
Calculate -26 - (35 - (113 - 40)).
12
Calculate 25 - (10 + -2 + -5 + 3) - 2.
17
What is the value of (-1 - -1) + (-8 + 0 - -6) - -3?
1
Evaluate -1 + -5 + (-92 - -87).
-11
7 + (13 - 8 - 3 - (0 - 0))
9
What is 7 - 1 - (-6 + 25 + -14)?
1
-45 + 13 + 12 - -44
24
Evaluate (45 - 56) + (3 - -25).
17
(16 - 18 - 14) + 2
-14
-1 + -6 - (-71 - -80) - (-4 + 2)
-14
24 + (-12 + -18 + 6 - -10)
10
What is the value of (7 + -8 - 1) + (6 - 1)?
3
Calculate 166 + -154 + (0 - 25) - (0 + -2).
-11
What is the value of (-23 + 11 - -8) + -3 + 7 + 3?
3
Calculate 6 + (1 - -4) + 16 + -34 - -18.
11
What is (-34 - (-105 - -67)) + -1 + 2 + -4?
1
What is the value of -29 + (8 + 8 - -26)?
13
Calculate -4 - (19 - 8 - (3 + 0)).
-12
What is the value of 7 + 8 + -16 + -14?
-15
-36 - (-7 + (-5 - 4 - (-2 + -8)))
-30
Evaluate 25 - (2 - (2 + -10 + 57 + -51)).
21
-2 - (-8 - (-7 - (1 - -6)))
-8
What is the value of -6 + (-11 - -9 - 6) + 13?
-1
-4 + (3 - 5) + (-1 - 3) - -1
-9
What is -10 + -21 + (22 - -29)?
20
Evaluate 13 - 19 - (-3 + 15) - (-7 - -5).
-16
What is 11 + (8 - 29 - -4)?
-6
What is the value of -21 + (27 - 9) + 11 + 0?
8
-5 - (0 - (-10 - -6)) - 5
-14
58 - 65 - (32 - 2) - -13
-24
Evaluate -3 - (-8 + 0 - -19 - 2).
-12
What is the value of (21 - 21 - -8) + -21?
-13
Calculate -12 - -2 - (71 - 63).
-18
(-61 - -12) + (-13 - -26 - 1)
-37
Evaluate 111 - 105 - (-5 + (-4 - -22)).
-7
What is the value of -2 - 1 - 0 - (-512 - -477)?
32
Calculate 0 + (-18 - -28 - 20).
-10
Calculate -8 + 3 + -7 + 14 + 1.
3
What is the value of (-5 - 2) + (-3 - 4 - (7 + -34))?
13
What is (37 - (8 - 7 - 6 - -8)) + -9?
25
Calculate -11 + 7 + (-12 - -9).
-7
-34 + 4 - -15 - (0 + -1 - 5)
-9
Calculate (1 - -2) + -40 + 40 + -11.
-8
Evaluate -2 + -25 + -16 + 30 - -7.
-6
4 + (-13 - -2) - (-3 - 6)
2
What is (49 + -52 - (-1 + 1 + 1)) + 7?
3
16 + (28 - (0 + 27))
17
Evaluate -7 - -1 - (-14 + (4 - -5)).
-1
What is the value of -29 - -6 - (105 + -121)?
-7
-16 + (28 - 16) + (0 - -1) - -9
6
What is -15 + (-2 - -16) + -38 + 19?
-20
155 - 147 - ((2 - 2) + 2)
6
(-6 - -31) + -18 - -1
8
What is 9 - (1 - (-6 + 3) - (-21 - -29))?
13
What is 2 - (14 + (2 - 23))?
9
What is 25 - (35 - 30 - -34)?
-14
What is the value of (-9 - 0) + (-126 + 102 - (-22 + -2))?
-9
-44 - (-39 - -20 - 5)
-20
What is the value of -1 + 4 + -11 + 2 + 0 + 3?
-3
Calculate -5 + (4 + 7 - 17) + (2 - 0).
-9
Calculate 1 - 2 - ((-18 - (-32 - -16)) + 13).
-12
What is the value of 3 + -2 - 4 - (64 + -60)?
-7
What is -34 + 14 - (-2 + (4 - 9))?
-13
Evaluate (0 + 6 - (5 - -18 - 10)) + 6.
-1
Calculate 35 + (-129 - -125 - (-1 + -6)).
38
What is 4 - (-9 + 16 - -6)?
-9
Evaluate -1 + -4 + 4 + -11 + 6 + -3.
-9
Evaluate -6 + 22 + -23 + 1.
-6
Evaluate 13 + (-11 - -14) + -11 + 18.
23
Evaluate 2 + (-15 - -18 - 4).
1
Calculate 14 + (-19 - 22 - -28).
1
5 - ((12 - 22) + -2 + 4 + -7)
20
Calculate 7 + (-36 + (-3 - (-10 - -7)) - -5).
-24
(-24 - -7 - -15) + -4
-6
What is the value of 2 + (3 - 5) - -1 - 8?
-7
What is the value of 11 + -4 + 10 + -26 - (8 - 0)?
-17
7 - (-6 + 7 + -7)
13
What is -31 + 43 + (-10 - -2)?
4
What is the value of (-11 - ((3 - 8) + 2)) + 1 - 4?
-11
What is -25 + (6 - (1 - (7 - 7))) + 6?
-14
Evaluate -3 + 9 + -48 + 33.
-9
Calculate (27 - 22) + (-6 - 2).
-3
-13 - (6 + (-14 - 11))
6
6 - (-4 + -1) - (-1 + 2 + -4)
14
Calculate 4 + -1 + -5 + (0 - 10 - -1).
-11
What is the value of -2 + (6 - -7) + -7 - 9?
-5
What is 66 - (-39 - (-56 + -22))?
27
What is the value of 16 + (-24 - -18) + 1?
11
3 - (-5 - -2) - (61 + -46 + -5)
-4
What is the value of -7 + (4 - 19) + 6 + 22?
6
What is -10 + 35 - (17 + -4) - -11?
23
What is the value of 17 + -17 + 6 - (3 + -10)?
13
What is the value of 14 - (-7 + (16 - 14)) - -7?
26
Calculate (0 - -4) + (38 - 13).
29
20 + -26 + (0 - -10 - 1) + -14
-11
-19 + (-4 - (50 + -37))
-36
Evaluate -237 - -277 - (25 + -1).
16
What is (-1 - (-8 - -3 - -8)) + 1 + 2?
-1
(14 - (-33 - -65)) + 26
8
(47 - (20 - -27)) + -18
-18
What is the value of (38 - ((-5 - -5) + 13)) + -4 + -4?
17
Evaluate 16 + -9 + 5 + (7 - 16).
3
What is the value of -7 - -12 - 3 - (-29 - 0)?
31
What is the value of -2 - (1 - -9 - 14) - 15?
-13
Evaluate -8 - 0 - ((-16 - -2) + -18).
24
What is the value of 306 + -307 + (0 - -2) + (-4 - -2)?
-1
What